ue
Suppose -15 = -5*u, -2*h - u = -0*u - 135361. Is h a composite number?
False
Let o(s) = 25*s**2 + 2*s - 15. Let z be o(-6). Let v = z - -158. Is v prime?
True
Let v be -6*1 - -3 - (-6552 + -10). Suppose 5*r - 10 = 0, -3*y - r = -v - 7738. Is y a composite number?
True
Let d be -52*19/38*601/2. Let c = -4286 - d. Is c a prime number?
True
Let c(w) = 350*w**2 + 2*w - 11. Let s be c(3). Let o = s - 1244. Is o composite?
False
Let r be (-1 - (2 - 2)) + 4380. Suppose 3*x = 3*v - x - r, 2916 = 2*v - x. Is v composite?
True
Let u = 77526 - 31595. Is u composite?
True
Suppose n - 15 = -5*z, 0 = -3*z - 0*z - n + 11. Let a(k) = 8*k - 5 + 4 - 3 - 9*k + 8*k**z. Is a(-7) a composite number?
True
Is (5 - (-6 - -8))*35/21 - -57216 a prime number?
True
Let o(x) = 36*x - 138. Let y be o(0). Is (-9 - -5)/(-3 - 402/y) a prime number?
False
Suppose -7*p - 12 = -5*p. Let j be (2 - 0)*(-1)/4*p. Suppose -8*k - 44 = -2*o - j*k, -5*o + 110 = 3*k. Is o composite?
True
Let i = -99 + 130. Suppose 57277 = 10*c + i*c. Is c composite?
True
Suppose -249 - 51 = 6*s. Let x = s - -50. Suppose x = 3*p + 5*k - 2783, -2*p + 993 = 2*k - 857. Is p a composite number?
True
Suppose -i = -3*q - 18, 0 = -5*q - 9*i + 4*i - 10. Let p(k) = 123*k**2 + 10*k + 48. Is p(q) a composite number?
True
Suppose 4*u - 2491420 = 4*g, 3*g + 16 = -2. Is u a composite number?
False
Let z(t) = 3*t - 16. Let l be z(9). Suppose u + 14 = l. Is (-2 - -3)*(-3 + (-6306)/u) a prime number?
True
Let x be (8/8)/(1/2). Let d(a) = 11*a**2 - 1 - x*a**2 + 5*a**2 + 2*a. Is d(2) a prime number?
True
Let p(q) = q**3 - 5*q**2 + 18. Let j be p(4). Suppose j*k = 6, t + 2*k = -877 + 5592. Is t a composite number?
True
Suppose -2*r + 783734 = 2*g, 1286*g = 1284*g + 12. Is r a composite number?
False
Is 7 - (-1282212)/(-11 + 17) a composite number?
True
Suppose -1756743 = -23*q - 284950. Is q prime?
False
Let u = -1564 + 1563. Let x be (0 + (-2)/(-3))*3. Is u*(-3 + x)/((-3)/(-1623)) composite?
False
Suppose -4*z - 4*f = -785352, -4*f + 1269 = -2*z + 393903. Is z a composite number?
False
Let m = 81 - 81. Let z = 8 + -4. Suppose 8 = -2*k, m = -z*t - 2*k + 6*k + 1684. Is t a prime number?
False
Is 13270 + 9*(-2 + 1) a composite number?
True
Let w(z) = -160*z + 9. Let u = -21 + 20. Let h be 2*u/(-3) + (-168)/36. Is w(h) prime?
False
Let p(b) = -b**3 + 2*b**2 + 2*b + 6. Let j be p(0). Let r be (8/5)/(j/195). Suppose -2*q - r = -1278. Is q composite?
False
Suppose 5*v - 6*v - 4 = 0, 4*v = -2*f + 4358. Let s = f + 12. Is s a composite number?
True
Let v = -404 + 147. Is (15/(-5) + -4)*v prime?
False
Suppose 0 = 6*z - 13912057 + 6781681 - 6680994. Is z a prime number?
False
Let j = -430 + 437. Suppose 10*s = j*s + 1893. Is s a prime number?
True
Let k = 2460 - 2013. Is k prime?
False
Let q(d) = 3056*d**2 + d. Let t be q(1). Suppose 9*j - t + 960 = 0. Is (j/(-3))/(9/(-81)*3) composite?
False
Let f = 529 - 515. Suppose -108997 = -f*c - 9*c. Is c composite?
True
Is 171446*2/6 - (-7 + -1)/24 prime?
True
Suppose 12*a - 2173748 + 428967 = 1337383. Is a prime?
False
Let d = 22725 - 10352. Is d a composite number?
False
Suppose -131*s + 856176 = -83*s. Is s composite?
False
Suppose 4*g - 5*w - 3866 = 0, 5*w - 954 = g - 2*g. Let b = -686 + g. Suppose 2*s + 4*f + 4 = b, 2*f = 4. Is s a prime number?
False
Let b be (-4)/(-14) + (-105945)/(-147). Suppose 4*v - 171 = -f, 96 = 5*f + v - b. Is f a composite number?
False
Suppose 0 = -18*j + 56671 + 4495961. Is j/112 + (-1)/4 prime?
False
Suppose 2*r + 12 = g, -4*g + 25 = 5*r - 23. Let s be 1/((g/(-28))/(-4 + 1)). Suppose 0 = -s*d + 8*d - 337. Is d prime?
True
Suppose j + 4*v - 13712 - 53833 = 0, v = -2*j + 135041. Is j prime?
False
Let x(d) = 380*d - 250. Let v(p) = -191*p + 125. Let k(h) = 9*v(h) + 4*x(h). Is k(-8) a prime number?
False
Let b be (-2)/(-2) - (4 + -2). Is (10578/15)/b*(-25)/10 composite?
True
Suppose 0 = -7*g + 417 - 466. Let f(v) = -25 - 12 - 13*v - 1. Is f(g) prime?
True
Let b(y) = -9*y**3 - 9*y**2 + 5*y - 12. Let w(q) = 5*q - 60. Let p be w(11). Is b(p) prime?
True
Suppose -15*x = -20*x - 44130. Let l = -237 - x. Suppose l = 2*m + 5*m. Is m a composite number?
True
Let d = -23 - -29. Suppose -j + 3 + d = 0. Is 2/9 + 2257/j prime?
True
Suppose a - 3*t - 13 = 0, a - 12 - 6 = 4*t. Let k(z) = 57*z + 17. Let w(n) = n. Let g(s) = a*w(s) + k(s). Is g(12) composite?
False
Suppose 24*n - 45 = 21*n. Let l(u) = 2*u**3 - 28*u**2 + 4*u + 31. Is l(n) composite?
False
Suppose -1141*z + 12712127 = -1102*z + 2194490. Is z prime?
True
Suppose 15*p - 2524637 + 224020 = 4*p. Is p prime?
True
Let t = 45 + -50. Let i = t - -9. Suppose 93 = -i*q + 1705. Is q composite?
True
Suppose 5*c + 5 - 15 = 0. Suppose -g = -3*f - 6*g + 2052, -f - c*g + 684 = 0. Let d = 1589 - f. Is d prime?
False
Let u(f) = f**3 + 7*f**2 - 8*f + 3. Suppose -n - 115 = 4*n. Let a = n + 16. Is u(a) prime?
True
Suppose -l + 21 = 3*b + 7, 0 = 4*b - 16. Suppose -u + 7 = 4*x - 3, -l*u + 15 = 3*x. Let t(z) = -z**3 + 6*z**2 + 18*z + 1. Is t(u) composite?
False
Suppose 6092328 = 76*u - 6426316. Is u prime?
False
Let y be (1 - 0)*(16 - 15). Let l be 5/4*-4*(0 - y). Suppose 2*v = d - 0*v - 1162, 4*d + l*v = 4596. Is d prime?
False
Suppose 19949846 + 2034115 = 83*y. Is y a prime number?
False
Let q(h) = 12*h + 53. Let y be q(-4). Suppose -y*c + 4635 = 1290. Is c a composite number?
True
Let j = -756 + 745. Let a(l) = -115*l - 96. Is a(j) a prime number?
False
Suppose -2*t + 12 = -2*k, 0 = 2*k + 2*t - 3*t + 14. Let n(d) = -6*d**2 + 5*d + 17 - 36*d**3 - 37*d**3 - 4*d**2 + 5*d**3 + 66*d**3. Is n(k) a composite number?
True
Let b = 174142 + -99089. Is b a composite number?
True
Let x(m) = 4*m + 46. Let o be x(-8). Is 2*(-3)/6 + (o - -222) composite?
True
Suppose 42*r - 90*r + 833570 = -38*r. Is r a composite number?
False
Let h = -36495 - -74854. Is h prime?
False
Let o(n) = 4*n**2 + 5*n - 1. Let r be o(-2). Suppose 0 = 12*w - r*w - 4081. Is w prime?
False
Let t be 28/6 - ((-6)/(-9))/(-2). Suppose 70 = -t*w + 80. Suppose 70 = z + 2*r - 3*r, 4*z + w*r - 274 = 0. Is z a composite number?
True
Suppose -115 = -2*p - 21*p. Suppose -9*q = -4*q + 3*i - 8959, -2*i - 8969 = -p*q. Is q a prime number?
False
Let y = -230088 - -457877. Is y a prime number?
True
Let f = 11026 - 5699. Suppose 226*k + f = 233*k. Is k composite?
False
Suppose 6*g + 349340 = 10*g. Is g composite?
True
Is 1 + 17818212/99 + 31/5115*10 prime?
False
Let o(w) = 3*w**3 + 12*w**2 - 3*w - 16. Let j be o(-4). Is ((-321)/(-9))/(4963/1239 + j) a composite number?
True
Is 54097 + 28/343*7*(12 - 5) prime?
True
Let c = 882143 + 112548. Is c prime?
True
Suppose t = -2*y - t + 6, y - 5*t = 3. Suppose 4*a + 8 = 2*h, -4*h = -y*a + h - 20. Suppose a = -7*f + 3580 - 1067. Is f composite?
False
Suppose 0 = 20*k - 20015480 - 13589460. Is k a composite number?
False
Let u(p) = -p**2 + 5*p - 6. Let d be u(4). Let n be (-6 - 11598/6)*2/d. Suppose -n + 46 = -3*f. Is f prime?
True
Let c = 662 + -666. Is ((-12662)/c)/(4/8) composite?
True
Let d be (2 + -8)*(33/(-9) - -3). Suppose -70 = -d*f + 42. Suppose 2*l - 2 = 0, 3*z - 3*l = 4*z - f. Is z prime?
False
Suppose 5*u - 3*l = 3*u - 15296, -2*l = 0. Let q = -3326 - u. Is q composite?
True
Suppose 0 = 5*d - 119 + 29. Let p(v) = -9*v**3 - v**2 - v. Let j be p(-1). Is 6221/j + (-4)/d composite?
False
Let g(l) = 24*l**2 - 31 - 21*l + l**3 + 0*l**3 - 37 + 87. Is g(-21) composite?
False
Let f be (649/44 + -14)*-4*13. Let p(m) = 5*m**2 + 53*m + 91. Is p(f) a prime number?
False
Let l(y) = -12040*y - 83. Is l(-19) a prime number?
True
Let a(o) be the second derivative of -3*o**3 + 13*o**2/2 - 2*o. Suppose 5*i = -5*j, 0*i - 24 = i - 5*j. Is a(i) a prime number?
False
Suppose 0 = -3*p - 34*a + 32*a - 97, 5*a - 5 = 0. Let k(c) = -c**3 - 25*c**2 + 21*c - 26. Is k(p) composite?
False
Let t(h) = h**3 + 9*h**2 + 4*h - 20. Let a be t(-8). Let z = -10 + a. Suppose -z*y + 70 = -168. Is y composite?
True
Is (3/((-84)/5215))/(5/(-4160)) - -7 a prime number?
False
Let v = 3727 - 1315. Let b be (-3)/(-12) - ((-2058)/(-8) + 0). Let i = b + v. Is i a prime number?
False
Let m(y) = 11*y**2 - 15*y + 9. Let c be m(6). Let a = -66 + c. Is a prime?
False
Let c(h) = -139 + 4640*h - 6813*h - 7631*h. Is c(-5) composite?
True
Let t(b) = 33*b - 216. Let g(y) = 33*y - 215. Let w(i) = -